{"id":36,"date":"2023-09-19T07:12:13","date_gmt":"2023-09-19T07:12:13","guid":{"rendered":"https:\/\/dev.hermandaddelosgitanos.com\/?page_id=36"},"modified":"2023-09-19T09:41:45","modified_gmt":"2023-09-19T09:41:45","slug":"el-congreso","status":"publish","type":"page","link":"https:\/\/dev.hermandaddelosgitanos.com\/?page_id=36","title":{"rendered":"El Congreso"},"content":{"rendered":"\n<div class=\"wp-block-cover alignfull has-nv-dark-bg-color has-text-color\"><span aria-hidden=\"true\" class=\"wp-block-cover__background has-nv-site-bg-background-color has-background-dim-100 has-background-dim\"><\/span><div class=\"wp-block-cover__inner-container is-layout-constrained wp-block-cover-is-layout-constrained\">\n<div style=\"height:100px\" aria-hidden=\"true\" class=\"wp-block-spacer\"><\/div>\n\n\n\n<div class=\"wp-block-group alignwide is-vertical is-layout-flex wp-container-core-group-is-layout-8cf370e7 wp-block-group-is-layout-flex\">\n<h4 class=\"wp-block-heading\">EL GERMEN<\/h4>\n\n\n\n<p class=\"has-nv-dark-bg-color has-text-color\">En 1753 nace en Sevilla una corporaci\u00f3n fundada por gitanos que perdura hasta nuestros d\u00edas. Es una organizaci\u00f3n cat\u00f3lica con el principal objetivo de dar culto a Nuestro Se\u00f1or y a su Sant\u00edsima Madre uniendo a los gitanos de la capital andaluza en una instituci\u00f3n que afirma su pertenencia inequ\u00edvoca a la Iglesia y certifica su vinculaci\u00f3n y compromiso con la sociedad de la \u00e9poca. Son momentos muy dif\u00edciles para los gitanos espa\u00f1oles, a\u00f1os antes, en 1749, la Gran Redada o Prisi\u00f3n General de Gitanos puso en serio peligro su supervivencia. Ese es el inicio de un camino que nos ha tra\u00eddo hasta nuestros d\u00edas y que han continuado un buen n\u00famero de Corporaciones en Espa\u00f1a, teniendo siempre como principales objetivos el culto a Dios Nuestro Se\u00f1or y la acci\u00f3n pastoral y caritativa con especial dedicaci\u00f3n al pueblo gitano.<\/p>\n\n\n\n<p class=\"has-nv-dark-bg-color has-text-color\">Tras estos siglos de historia, y a colaci\u00f3n del XXV\u00ba Aniversario de la Beatificaci\u00f3n de Ceferino Gim\u00e9nez Malla en el pasado 2022, la Junta de Gobierno de la Hermandad Sacramental de Los Gitanos,\u00a0 se marc\u00f3 como objetivo la realizaci\u00f3n de un Congreso Nacional de Hermandades de Los Gitanos. Un encuentro que sirviera para que la distintas hermandades con este carisma, nos conoci\u00e9ramos mejor\u00a0 y pudi\u00e9ramos conocer las particularidades de cada uno para as\u00ed tambi\u00e9n aprender los unos de los otros las mejores maneras de atender a nuestros hermanos.<\/p>\n\n\n\n<p class=\"has-nv-dark-bg-color has-text-color\">Creemos que los retos que nos deparan estos tiempos y la necesidad de acercamiento y conocimiento de cofrades cristianos comprometidos con el Pueblo Gitano hacen necesario un encuentro, con voluntad de permanencia, en el que desarrollar iniciativas, intercambiar experiencias y fomentar el conocimiento y la colaboraci\u00f3n entre las distintas hermandades de Los Gitanos de Espa\u00f1a.<\/p>\n\n\n\n<p class=\"has-nv-dark-bg-color has-text-color\">En la sociedad actual, la secularizaci\u00f3n avanza de manera preocupante, a lo que se une en el caso de los gitanos espa\u00f1oles el \u00e9xodo hacia otras confesiones religiosas. El Congreso que estamos preparando pretende ser un lugar de encuentro y an\u00e1lisis de la realidad religiosa de los gitanos en Espa\u00f1a con vocaci\u00f3n de mantener un foro abierto entre cristianos de diferentes lugares, con diferentes sensibilidades y tradiciones pero con una mirada com\u00fan, cristiana y cofrade, dedicada a la comunidad gitana, en el que se puedan intercambiar ideas y vivencias, aportando la visi\u00f3n de laicos comprometidos con la Iglesia y la sociedad que debemos de tener las hermandades y cofrad\u00edas.<\/p>\n<\/div>\n\n\n\n<div style=\"height:100px\" aria-hidden=\"true\" class=\"wp-block-spacer\"><\/div>\n<\/div><\/div>\n\n\n\n<div class=\"wp-block-cover alignfull has-nv-dark-bg-color has-text-color\"><span aria-hidden=\"true\" class=\"wp-block-cover__background has-nv-light-bg-background-color has-background-dim-100 has-background-dim\"><\/span><div class=\"wp-block-cover__inner-container is-layout-constrained wp-block-cover-is-layout-constrained\">\n<div style=\"height:100px\" aria-hidden=\"true\" class=\"wp-block-spacer\"><\/div>\n\n\n\n<div class=\"wp-block-group is-vertical is-layout-flex wp-container-core-group-is-layout-8cf370e7 wp-block-group-is-layout-flex\">\n<h4 class=\"wp-block-heading\">OBJETIVOS<\/h4>\n\n\n\n<p>Nuestro objetivo principal es atender a todo lo que nos une a las hermandades con base fundacional o relaci\u00f3n de uni\u00f3n y fraternidad con el pueblo gitano. Para ello, nos congregaremos, nos encontraremos y pondremos en com\u00fan eso que nos corresponde como laicos llamados al apostolado en la Iglesia de hoy.<\/p>\n\n\n\n<p>Abordaremos los problemas que de manera especial nos afectan como entidades eclesiales, llamados a extender la palabra de Dios, y de forma singular a estudiar qu\u00e9 afecta hoy a los gitanos en esta sociedad, qu\u00e9 les hace estar en una tibieza en la fe, qu\u00e9 les lleva a buscar otras confesiones cristianas; cu\u00e1les son sus problemas ancestrales a la vista de la actual sociedad, etc., etc.<\/p>\n\n\n\n<p>Del conocimiento partir\u00e1n iniciativas que ayuden a acercar a los gitanos a la Iglesia y potenciando la acci\u00f3n social de nuestras hermandades obtendremos la ansiada respuesta de sentirnos bienaventurados.<br>Todo ello marc\u00e1ndonos como meta final:<\/p>\n\n\n\n<ul class=\"wp-block-list\">\n<li>Favorecer el conocimiento de las distintas Hermandades de Los Gitanos de Espa\u00f1a, compartiendo experiencias, ideas y entendimiento, tomando conciencia de la importancia de nuestras hermandades en el contexto de la Religiosidad Popular.<\/li>\n\n\n\n<li>Ofrecer una visi\u00f3n amplia de la participaci\u00f3n de los gitanos espa\u00f1oles en la Iglesia Cat\u00f3lica.<\/li>\n\n\n\n<li>Divulgar la historia y la tradici\u00f3n del Pueblo Gitano con especial atenci\u00f3n a su desarrollo en la Iglesia Cat\u00f3lica, especialmente los ejemplos de Santidad de origen gitano que hay en nuestra Iglesia, el Beato Ceferino y la Beata Emilia Fern\u00e1ndez.<\/li>\n\n\n\n<li>Desarrollar v\u00edas de comunicaci\u00f3n y actuaci\u00f3n que nos permitan impulsar programas y actividades que fomenten el acercamiento del pueblo gitano a la Iglesia Cat\u00f3lica.<\/li>\n\n\n\n<li>Potenciar el conocimiento de la realidad social del Pueblo Gitano.<\/li>\n\n\n\n<li>Fomentar la participaci\u00f3n de los gitanos cat\u00f3licos espa\u00f1oles en nuestra Iglesia.<\/li>\n\n\n\n<li>Afrontar proyectos sociales conjuntos que den testimonio de nuestra presencia firme al lado del que sufre o est\u00e1 necesitado.<\/li>\n<\/ul>\n<\/div>\n\n\n\n<div style=\"height:100px\" aria-hidden=\"true\" class=\"wp-block-spacer\"><\/div>\n<\/div><\/div>\n\n\n\n<div class=\"wp-block-cover alignfull has-nv-dark-bg-color has-text-color\"><span aria-hidden=\"true\" class=\"wp-block-cover__background has-nv-site-bg-background-color has-background-dim-100 has-background-dim\"><\/span><div class=\"wp-block-cover__inner-container is-layout-constrained wp-block-cover-is-layout-constrained\">\n<div style=\"height:100px\" aria-hidden=\"true\" class=\"wp-block-spacer\"><\/div>\n\n\n\n<div class=\"wp-block-group is-vertical is-layout-flex wp-container-core-group-is-layout-8cf370e7 wp-block-group-is-layout-flex\">\n<h4 class=\"wp-block-heading\">MIEMBROS DE LA COMISI\u00d3N ORGANIZADORA<\/h4>\n\n\n\n<p>La Comisi\u00f3n Organizadora del I\u00ba Congreso Nacional de Hermandad de Los Gitanos, est\u00e1\u00a0formada\u00a0por:<\/p>\n\n\n\n<ul class=\"wp-block-list\">\n<li>Hermano Mayor: D. Jos\u00e9 Mar\u00eda Flores Vargas.<\/li>\n\n\n\n<li>Secretario Primero: D. Francisco Gonz\u00e1lez Moreno.<\/li>\n\n\n\n<li>Diputado Mayor de Gobierno: D. Emilio Jim\u00e9nez N\u00fa\u00f1ez.<\/li>\n\n\n\n<li>Consiliario Primero: D. Juan Florido S\u00e1nchez.<\/li>\n\n\n\n<li>Consiliario Segundo: D. Enrique Casellas Rodr\u00edguez.<\/li>\n\n\n\n<li>Consiliario Sexto: D. Juan Carlos Garc\u00eda Ib\u00e1\u00f1ez.<\/li>\n\n\n\n<li>Delegado Diocesano de la Pastoral Gitana: Rvdo. Padre D. Pl\u00e1cido Manuel D\u00edaz V\u00e1zquez.<\/li>\n\n\n\n<li>Hermano de nuestra Hermandad: D. Jos\u00e9 Moreno Vega.<\/li>\n\n\n\n<li>Hermana de nuestra Hermandad: D\u00f1a. Angustias Vargas Mar\u00edn.<\/li>\n\n\n\n<li>Hermano de nuestra Hermandad: D. Alfonso Soto Vargas.<\/li>\n\n\n\n<li>Hermano de nuestra Hermandad: D. Manuel Gonz\u00e1lez Moreno.<\/li>\n\n\n\n<li>Hermano de nuestra Hermandad: D. Antonio Contreras\u00a0Morillo<\/li>\n<\/ul>\n<\/div>\n\n\n\n<div style=\"height:100px\" aria-hidden=\"true\" class=\"wp-block-spacer\"><\/div>\n<\/div><\/div>\n","protected":false},"excerpt":{"rendered":"","protected":false},"author":1,"featured_media":0,"parent":0,"menu_order":0,"comment_status":"closed","ping_status":"closed","template":"","meta":{"neve_meta_sidebar":"","neve_meta_container":"","neve_meta_enable_content_width":"on","neve_meta_content_width":100,"neve_meta_title_alignment":"","neve_meta_author_avatar":"","neve_post_elements_order":"","neve_meta_disable_header":"","neve_meta_disable_footer":"","neve_meta_disable_title":"on","footnotes":""},"class_list":["post-36","page","type-page","status-publish","hentry"],"_links":{"self":[{"href":"https:\/\/dev.hermandaddelosgitanos.com\/index.php?rest_route=\/wp\/v2\/pages\/36","targetHints":{"allow":["GET"]}}],"collection":[{"href":"https:\/\/dev.hermandaddelosgitanos.com\/index.php?rest_route=\/wp\/v2\/pages"}],"about":[{"href":"https:\/\/dev.hermandaddelosgitanos.com\/index.php?rest_route=\/wp\/v2\/types\/page"}],"author":[{"embeddable":true,"href":"https:\/\/dev.hermandaddelosgitanos.com\/index.php?rest_route=\/wp\/v2\/users\/1"}],"replies":[{"embeddable":true,"href":"https:\/\/dev.hermandaddelosgitanos.com\/index.php?rest_route=%2Fwp%2Fv2%2Fcomments&post=36"}],"version-history":[{"count":7,"href":"https:\/\/dev.hermandaddelosgitanos.com\/index.php?rest_route=\/wp\/v2\/pages\/36\/revisions"}],"predecessor-version":[{"id":164,"href":"https:\/\/dev.hermandaddelosgitanos.com\/index.php?rest_route=\/wp\/v2\/pages\/36\/revisions\/164"}],"wp:attachment":[{"href":"https:\/\/dev.hermandaddelosgitanos.com\/index.php?rest_route=%2Fwp%2Fv2%2Fmedia&parent=36"}],"curies":[{"name":"wp","href":"https:\/\/api.w.org\/{rel}","templated":true}]}}